test common factor of 163 and 44351485.
163
What is the greatest common divisor of 4670269 and 1189?
41
Calculate the highest common factor of 2117794 and 2576.
322
Calculate the highest common factor of 201617 and 17745.
169
What is the highest common factor of 64800 and 13707360?
4320
What is the highest common factor of 1205 and 24494035?
1205
Calculate the greatest common divisor of 21740 and 13780.
20
Calculate the greatest common divisor of 94809 and 115261887.
8619
Calculate the greatest common factor of 212 and 13088191.
53
What is the highest common divisor of 131911 and 2407341?
139
What is the highest common divisor of 728 and 348803?
91
Calculate the highest common factor of 713154 and 186550.
1066
Calculate the greatest common divisor of 285 and 51886470.
15
What is the highest common divisor of 201204 and 38571?
69
Calculate the greatest common factor of 196 and 11384.
4
What is the highest common factor of 50280 and 99980?
20
Calculate the highest common factor of 485 and 369340.
5
Calculate the highest common divisor of 24447269 and 308.
77
Calculate the greatest common factor of 95882070 and 1860.
930
Calculate the greatest common divisor of 67754436 and 1212.
1212
Calculate the greatest common factor of 73 and 217327351.
73
What is the greatest common divisor of 13448 and 1688?
8
Calculate the highest common factor of 56 and 115553228.
28
What is the highest common factor of 74970 and 127050?
210
Calculate the highest common divisor of 92 and 119214.
2
Calculate the greatest common factor of 2439846 and 572648.
3046
What is the greatest common divisor of 15683535 and 1890?
315
What is the greatest common factor of 4482009 and 252?
63
What is the highest common divisor of 1781104 and 40144?
208
What is the greatest common divisor of 28538997 and 1731?
1731
What is the greatest common divisor of 1130 and 1679650?
10
What is the greatest common divisor of 51104085 and 1245?
15
Calculate the greatest common factor of 536112792 and 4176.
2088
Calculate the greatest common factor of 22 and 15480740.
22
Calculate the greatest common factor of 8003547 and 9675.
387
What is the highest common divisor of 298080 and 8223120?
6480
What is the highest common factor of 4843250 and 400?
50
What is the highest common factor of 199654600 and 200?
200
What is the highest common divisor of 7332 and 2292660?
564
Calculate the greatest common divisor of 3897891 and 81.
9
Calculate the greatest common factor of 82 and 23106821.
41
What is the highest common factor of 1992 and 13966248?
24
What is the greatest common divisor of 7329 and 207165?
21
What is the greatest common divisor of 2669566 and 522?
58
What is the greatest common factor of 81 and 106894323?
81
What is the highest common divisor of 5040 and 1107240?
120
Calculate the highest common divisor of 5830 and 64892458.
106
What is the greatest common factor of 125041328 and 3664?
3664
What is the highest common factor of 2105334 and 20460?
2046
Calculate the greatest common factor of 27138 and 9732.
6
Calculate the greatest common factor of 30200 and 84862.
302
Calculate the greatest common divisor of 840048734 and 322.
322
What is the greatest common divisor of 11187256 and 12?
4
Calculate the highest common divisor of 239561940 and 270.
30
What is the highest common factor of 327 and 43605123?
327
What is the greatest common factor of 29382 and 8977794?
354
What is the highest common factor of 2182 and 67096500?
2182
Calculate the highest common divisor of 12151675 and 31525.
2425
What is the highest common divisor of 11952330 and 17355?
195
Calculate the highest common factor of 260687 and 76860.
7
What is the highest common factor of 2552 and 2358004?
44
What is the highest common factor of 2242950 and 9025?
475
What is the greatest common divisor of 15708 and 16764924?
2244
What is the highest common factor of 117 and 135588570?
39
What is the highest common factor of 1612 and 85663292?
1612
Calculate the highest common factor of 962592200 and 25.
25
Calculate the highest common factor of 57955034 and 577.
577
What is the highest common divisor of 320 and 13085312?
64
Calculate the highest common factor of 7465290 and 893.
19
What is the highest common factor of 14050079 and 2564?
641
What is the highest common divisor of 1267761 and 2853477?
1353
What is the highest common divisor of 31471 and 131461?
11
Calculate the highest common factor of 7504164 and 18285.
3657
Calculate the highest common factor of 85898193 and 1356.
339
Calculate the greatest common factor of 321 and 444007735.
107
Calculate the greatest common divisor of 2703006 and 9729.
207
What is the greatest common factor of 412757855 and 8805?
2935
What is the highest common factor of 971327 and 167657?
301
Calculate the greatest common factor of 180054 and 5607.
63
What is the highest common divisor of 97704 and 12950736?
1416
What is the highest common divisor of 2424342 and 318?
6
Calculate the greatest common divisor of 1540 and 995500.
220
What is the greatest common factor of 14894600 and 4360?
40
Calculate the greatest common divisor of 273984 and 188800.
64
What is the highest common divisor of 210528428 and 66?
22
What is the greatest common divisor of 10323302 and 220?
22
Calculate the greatest common divisor of 171 and 11771735.
19
What is the highest common divisor of 36917 and 4379?
29
Calculate the highest common divisor of 1738 and 178862794.
1738
What is the highest common factor of 623088662 and 786?
262
Calculate the highest common factor of 26568 and 661440249.
3321
Calculate the highest common factor of 9075 and 1029655.
55
What is the highest common divisor of 36534791 and 549?
61
Calculate the highest common divisor of 115 and 20405048.
23
Calculate the greatest common factor of 1470336 and 798.
42
What is the highest common divisor of 1544832806 and 2442?
814
What is the greatest common divisor of 109330 and 255229?
377
Calculate the highest common divisor of 336960 and 1335555.
1755
Calculate the greatest common divisor of 457706940 and 930.
930
What is the highest common factor of 176995 and 40?
5
What is the greatest common factor of 112 and 49085552?
16
Calculate the greatest common factor of 46132 and 51452.
76
What is the highest common factor of 620544 and 96?
96
What is the greatest common divisor of 15750 and 40929?
21
Calculate the greatest common divisor of 337247 and 598699.
163
Calculate the greatest common divisor of 2129618 and 63124.
86
What is the highest common factor of 238421 and 36177?
31
Calculate the greatest common factor of 760 and 6631304.
152
What is the highest common factor of 43443 and 65097?
27
Calculate the highest common factor of 101 and 130598757.
101
Calculate the highest common factor of 61745 and 1403705.
265
Calculate the highest common factor of 20183553 and 663.
39
Calculate the highest common factor of 12779898 and 9.
3
What is the highest common divisor of 16432 and 1264432?
208
What is the greatest common divisor of 13545 and 580328?
301
Calculate the highest common factor of 137 and 96841.
1
What is the greatest common factor of 3425 and 1501749475?
3425
What is the highest common divisor of 106 and 400314777?
53
Calculate the greatest common divisor of 125173 and 4057934.
2911
Calculate the greatest common factor of 912 and 3000096.
48
What is the greatest common factor of 29253 and 2238949?
199
Calculate the highest common factor of 4876 and 295724524.
4876
Calculate the greatest common divisor of 16146 and 53590.
46
Calculate the highest common factor of 32445608 and 123988.
892
Calculate the greatest common divisor of 28001080 and 50.
10
Calculate the highest common factor of 89105 and 300401.
71
Calculate the greatest common divisor of 57015 and 3165.
15
Calculate the greatest common divisor of 45 and 75159.
9
Calculate the highest common divisor of 83712 and 312285.
327
What is the highest common factor of 541254 and 76146?
2058
What is the greatest common factor of 1027537 and 3305603?
1267
What is the greatest common divisor of 67830 and 4215435?
1995
Calculate the highest common divisor of 109333838 and 158844.
3782
Calculate the greatest common divisor of 196096 and 860984.
3064
Calculate the greatest common divisor of 31083 and 755690.